v = 69, 0 = k*g - 4*v + 13 + 5. Let h(q) = -q + 5. Let c be h(g). Calculate the highest common divisor of c and 18.
18
Suppose -154*d + 2*b = -155*d + 114, b = 1. What is the greatest common factor of 5072 and d?
16
Let a = 16982 - 2726. What is the highest common factor of a and 9?
9
Let b(o) = -8*o - 2. Let u be b(-5). Let m be 7*((-380)/35 + 9). Let l(v) = 7*v**2 + 87*v + 43. Let q be l(m). Calculate the highest common factor of q and u.
19
Let k = 397 - 361. Let c be (k/48)/(5/220). Calculate the greatest common divisor of 176 and c.
11
Suppose -60*c + 2009 = -115*c + 62*c. Calculate the greatest common factor of c and 410.
41
Let v be 2/(-10) + 12922/35 + -5. Suppose -15*r = -r - v. Let p be ((-4)/5)/((-2)/715). Calculate the highest common divisor of r and p.
26
Let v(u) = 12 + 125*u**2 - 380*u + 62*u**2 + 391*u. Let z be v(-1). Calculate the greatest common factor of 141 and z.
47
Let b(r) = 704*r + 2841. Let l be b(3). Calculate the greatest common factor of l and 381.
381
Let r be 29786/18 + (-4)/(-18). Suppose r = 4*a + x, 5*a - 3*x = x + 2095. What is the highest common factor of a and 83?
83
Suppose -6*x + g = -5*x - 21, 3*x + 5*g = 23. Let i be -20*(-20)/x - 5. Calculate the greatest common factor of 60 and i.
20
Let v be (-97090)/(-304) - 12/32. Calculate the greatest common factor of v and 754.
29
Suppose -3*h = -7*h + 28, h = 4*i - 14073. Calculate the greatest common divisor of 128 and i.
64
Suppose 20 = -200*f + 202*f. Calculate the highest common divisor of 565 and f.
5
Let m(z) = z**2 + 126*z + 1939. Let n be m(-110). What is the greatest common factor of n and 37769?
179
Let j = 616 - 139. Let k = j - 457. Calculate the highest common factor of 55 and k.
5
Let y be 21*(30/21 - -2). Let a be 18/4*242/33. Suppose -5*v + a = -4*p, -4*v = -4*p - 38 + 14. What is the highest common divisor of y and v?
9
Let p(u) = -3*u**2 - 3*u + 252. Let v be p(0). Suppose 3*c + 2*x = 68, -3*c - 70 = -6*c - x. What is the highest common divisor of v and c?
12
Let i(p) = p**3 - 29*p**2 - 163*p + 80. Let o be i(34). What is the highest common factor of 1166 and o?
106
Let b be 18/243 - 2/27. Suppose 2*h + 7*a - 6*a - 199 = b, a - 505 = -5*h. What is the highest common factor of 170 and h?
34
Let i(x) = 69*x + 1188. Let u be i(-14). What is the greatest common divisor of u and 4107?
111
Let f(c) = -5*c - 3. Let o be f(-8). Let u = -518 + 488. Let v = o + u. Calculate the highest common divisor of v and 21.
7
Suppose 75*l = 63*l - 8820. Let b be ((-54)/15)/(42/l). Calculate the highest common factor of 63 and b.
63
Let t = -267 + 305. Let h(c) = 8*c**2 - 10. Let l be h(-14). What is the highest common divisor of l and t?
38
Let t(n) = 33*n**2 + 62*n - 224. Let q be t(4). Suppose 0 = 2*z - 3*f - 129, 5*z + 4*f - 288 = z. What is the greatest common factor of q and z?
69
Let b = -54 + 194. Let r = 202 + b. Suppose -r = -3*l + 2*i - 3*i, -2*l + 227 = i. Calculate the highest common divisor of 23 and l.
23
Let c(g) = -4*g**3 - 2*g**2 + 3*g + 27. Let x be c(0). Calculate the highest common divisor of x and 2889.
27
Let f = -3676 + 3765. Calculate the greatest common factor of f and 445.
89
Let q = 970 - 501. Let f = q + -415. What is the greatest common divisor of f and 54?
54
Suppose 0 = 3*c + k + 3, 3*k + 19 = -2*c + 8*k. Let y be (0 + -4)/(1*c). Suppose 6*w = y*w + 24. What is the highest common divisor of w and 66?
6
Let s be 26*(12 - 98/28). Calculate the highest common divisor of 26 and s.
13
Let u be 464/10 - (0 - 4/(-10)). Suppose 5*f = -u + 226. Let w be (-24)/f + 94/6. What is the highest common divisor of 120 and w?
15
Let k be ((-24)/(-36))/(-6 + (-15504)/(-2583)). What is the highest common divisor of 16072 and k?
287
Let d = -30697 - -34383. Calculate the highest common factor of 114 and d.
38
Suppose 5*h + 3*q - 32 = 2*q, 34 = 4*h + 5*q. Suppose -1727*o + 3453*o = 1706*o + 1800. What is the highest common factor of h and o?
6
Let x be ((-18920)/1075)/((8/(-10) + 1)*-2). Calculate the highest common factor of 803 and x.
11
Let u = 3379 + -2486. Calculate the highest common factor of u and 38.
19
Let h be 6/(-27) + (-47)/(-9) + 1. Let k be 5/20*6*h. Let o = k + 2. Calculate the highest common divisor of 121 and o.
11
Let g(u) = -19*u - 26. Let t be g(0). Let r be ((-3)/(15/56))/(t/65). What is the highest common factor of r and 364?
28
Let p = 4593 - 4113. What is the greatest common factor of p and 3240?
120
Let f(o) = -5*o**2 - 3*o - 164. Let v be f(-23). Let y = -1751 - v. What is the highest common factor of 43 and y?
43
Let n(t) = -3*t**3 - 3*t**2 + 2*t - 1. Let q be n(-2). Let a(k) = 12*k - 5 - 11*k + q + 22. Let f be a(-8). Calculate the highest common divisor of 40 and f.
8
Suppose -150 = -3*s + 4*s + 4*c, -5*s - 855 = -c. Let i = -166 - s. Calculate the greatest common divisor of 128 and i.
4
Let z be 2/4*0 - -16. Let f be (231/(-9))/7*1 - (-18865)/105. Calculate the highest common factor of z and f.
16
Let y = -6183 - -6237. Let u = 9 - 13. Let p = u + 31. What is the greatest common factor of y and p?
27
Suppose 0 = 4*u - k - 203, 5*u + 2*k - 128 = 142. What is the greatest common divisor of u and 533?
13
Suppose -18 + 10 = -4*d. Suppose -86 = -d*n + 94. Calculate the highest common divisor of 30 and n.
30
Suppose 9*w - 3867 = 750. Suppose 518*r = w*r + 20. What is the highest common divisor of 76 and r?
4
Let j = 156 + -80. Let i = -72 + j. Suppose -2*v - 4*d + 2 = 0, i*v - 5*v + 6 = -3*d. What is the highest common factor of v and 9?
3
Let y be 1592 + 2 + (4 - -12) + -6. Calculate the highest common factor of 16 and y.
4
Suppose 0*u - 29 = -3*s - 5*u, -5*u = -s - 17. Let o be 1/((12/(-16))/s*-2). Suppose 0 = -o*l + 4*l - 36. Calculate the greatest common divisor of l and 45.
9
Suppose 630*h - 629*h = 3*d + 28, 76 = 2*h - d. What is the highest common divisor of 1490 and h?
10
Suppose -6*q - 400 = -874. Suppose q*g + 96 = 87*g. Let x = -20 + 68. What is the highest common factor of x and g?
12
Suppose -8 = 2*m, 5*a - m - 942 = 1587. Let b = 556 - a. What is the highest common divisor of b and 6?
3
Let a(l) = -l**3 - 37*l**2 - 106*l - 13. Let v be a(-34). Suppose -3*u + v = 3*b, -b + 23 = 5*u - 6. What is the highest common divisor of 550 and b?
22
Let z be 4 + (-10 - 11/11) + 5137. Calculate the highest common divisor of 2160 and z.
270
Let i = 116 - 62. Let h(m) = 22*m - 148. Suppose -5*k - 31 = -3*w, -2*w + 5*k = -11 - 13. Let b be h(w). What is the highest common divisor of b and i?
6
Suppose -3*g - 208 + 628 = 0. Calculate the highest common factor of g and 252.
28
Let c = -310 + 313. Suppose 4*m - 4*q = 9*m - 112, 2*m - 42 = -c*q. Calculate the greatest common divisor of m and 96.
24
Let f(d) = d**2 + 8*d + 1. Let u = 200 + -141. Suppose 51 = -11*i - u. Let r be f(i). Calculate the highest common divisor of 35 and r.
7
Let p(a) = -a**2 - 2*a + 101. Let b be p(9). Suppose -b*d + 80 = 4*c, 2*d + 2*d - 3*c = 116. What is the greatest common divisor of d and 48?
16
Suppose 207 = -4*v + b, 4*v = 3*b + b - 192. Let h = 222 - v. Calculate the highest common factor of 110 and h.
55
Suppose n - 2*n = -229. Suppose -477 + 0 = -9*q. Suppose n = i + q. What is the greatest common divisor of i and 11?
11
Let i = -11077 - -11124. Calculate the greatest common factor of i and 1739.
47
Let x = 3955 - 3864. Calculate the greatest common factor of 63 and x.
7
Let h(i) = -1274*i + 2712. Let v be h(2). What is the greatest common factor of 4879 and v?
41
Suppose -5*p + 40*p = 25034 + 1053106. What is the greatest common factor of p and 34?
34
Let j(s) = s**2 + 3*s + 1285. Let o be j(-41). Calculate the highest common divisor of 1 and o.
1
Let o be 72/20*-50*(-8)/(-96)*-4. What is the highest common divisor of o and 2424?
12
Let d be (-17 - -20)/((-6)/(-4)). Suppose -3*c - d*p = -137, -3*c = -2*p - 72 - 49. Calculate the greatest common factor of 473 and c.
43
Let a(t) = 2*t + 64. Let n be a(-20). Suppose u - n = 7*u. Let q be (25 - 12/4)*(-2)/u. Calculate the greatest common factor of 1 and q.
1
Let d be (-9)/54 - (-193)/6. Let u be (d/(-10))/((-1)/100). What is the highest common factor of 20 and u?
20
Suppose -24 - 102 = -2*o. Let u = 1018056 - 1017825. Calculate the greatest common factor of o and u.
21
Suppose 4*g - 10 = 2. Let r(t) 